
What is 1 (base 6) in base 9?
1
Convert 5 (base 6) to base 5.
10
-10 (base 2) to base 10
-2
What is 115 (base 10) in base 11?
a5
Convert -155 (base 6) to base 11.
-65
-1 (base 9) to base 15
-1
17 (base 15) to base 14
18
What is -1 (base 8) in base 2?
-1
2 (base 4) to base 12
2
What is -1 (base 3) in base 14?
-1
What is 0 (base 9) in base 10?
0
Convert 1a (base 16) to base 9.
28
Convert -2 (base 15) to base 13.
-2
Convert -1100 (base 4) to base 11.
-73
What is -21 (base 9) in base 12?
-17
324 (base 6) to base 4
1330
-5d (base 16) to base 9
-113
Convert -2 (base 10) to base 7.
-2
What is 25 (base 6) in base 2?
10001
Convert -445 (base 6) to base 11.
-148
What is 0 (base 8) in base 16?
0
What is 8 (base 13) in base 14?
8
What is 11 (base 9) in base 8?
12
-81 (base 11) to base 15
-5e
Convert -1201 (base 3) to base 5.
-141
Convert 65 (base 8) to base 2.
110101
What is -63 (base 13) in base 4?
-1101
1 (base 2) to base 10
1
Convert 11010 (base 3) to base 4.
1233
Convert 111 (base 2) to base 14.
7
Convert -37 (base 8) to base 11.
-29
47 (base 9) to base 5
133
Convert 6 (base 16) to base 7.
6
What is 11121 (base 3) in base 9?
147
Convert -30 (base 5) to base 14.
-11
1 (base 13) to base 10
1
What is -2 (base 13) in base 8?
-2
What is 111010 (base 2) in base 12?
4a
Convert 22 (base 8) to base 4.
102
-7 (base 11) to base 10
-7
1 (base 3) to base 6
1
Convert -19 (base 15) to base 12.
-20
What is -1 (base 12) in base 15?
-1
What is -15 (base 11) in base 7?
-22
What is 1100001 (base 2) in base 12?
81
Convert -2 (base 13) to base 14.
-2
What is -11 (base 8) in base 2?
-1001
What is -108 (base 9) in base 15?
-5e
Convert -10 (base 3) to base 8.
-3
What is 56 (base 12) in base 10?
66
10 (base 9) to base 2
1001
What is 124 (base 11) in base 15?
9c
Convert -1 (base 7) to base 10.
-1
Convert 2 (base 8) to base 4.
2
Convert -1 (base 8) to base 2.
-1
What is -2 (base 4) in base 5?
-2
11 (base 6) to base 14
7
-6 (base 11) to base 14
-6
Convert 100 (base 2) to base 11.
4
-110000001 (base 2) to base 10
-385
Convert 101110 (base 2) to base 3.
1201
122 (base 3) to base 15
12
What is -a (base 16) in base 10?
-10
Convert -11 (base 2) to base 15.
-3
Convert 113 (base 6) to base 12.
39
What is -1 (base 8) in base 12?
-1
Convert -11 (base 6) to base 5.
-12
11 (base 3) to base 2
100
Convert -252 (base 10) to base 9.
-310
Convert -7 (base 8) to base 9.
-7
Convert -199 (base 10) to base 2.
-11000111
2 (base 3) to base 5
2
Convert -10001 (base 2) to base 16.
-11
-26 (base 9) to base 13
-1b
Convert -22 (base 4) to base 16.
-a
-1 (base 11) to base 10
-1
1 (base 10) to base 7
1
Convert -1011 (base 2) to base 6.
-15
Convert 45 (base 9) to base 14.
2d
Convert -2a (base 16) to base 15.
-2c
Convert 10001011 (base 2) to base 14.
9d
-10 (base 5) to base 15
-5
-1 (base 16) to base 11
-1
What is -3 (base 12) in base 16?
-3
Convert 1 (base 8) to base 2.
1
-3 (base 11) to base 5
-3
What is -2d (base 16) in base 3?
-1200
Convert 0 (base 3) to base 16.
0
-22 (base 5) to base 11
-11
-110010 (base 2) to base 4
-302
What is 3 (base 12) in base 16?
3
1001011 (base 2) to base 10
75
Convert 41 (base 10) to base 12.
35
What is -1111 (base 3) in base 13?
-31
31 (base 4) to base 6
21
55 (base 10) to base 12
47
What is 6 (base 11) in base 10?
6
What is 3 (base 9) in base 6?
3
What is 13 (base 4) in base 7?
10
What is -4 (base 11) in base 13?
-4
Convert 202 (base 5) to base 4.
310
3 (base 13) to base 3
10
Convert 70 (base 9) to base 2.
111111
What is 0 (base 9) in base 16?
0
What is -10 (base 13) in base 11?
-12
Convert -44 (base 14) to base 8.
-74
What is 61 (base 10) in base 16?
3d
What is -34 (base 6) in base 11?
-20
0 (base 6) to base 3
0
What is -1001 (base 3) in base 15?
-1d
What is 31 (base 15) in base 3?
1201
-361 (base 8) to base 11
-1aa
Convert -3 (base 16) to base 14.
-3
Convert 1a (base 12) to base 16.
16
-12 (base 5) to base 10
-7
Convert -2 (base 6) to base 2.
-10
-1 (base 13) to base 5
-1
-11 (base 6) to base 16
-7
What is -1 (base 13) in base 12?
-1
-20 (base 13) to base 4
-122
-3 (base 12) to base 9
-3
41 (base 7) to base 2
11101
What is -2 (base 14) in base 5?
-2
What is -10000 (base 3) in base 11?
-74
What is 1011 (base 2) in base 6?
15
-aa (base 15) to base 4
-2200
Convert -5a (base 12) to base 9.
-77
What is -2 (base 12) in base 5?
-2
Convert 3 (base 13) to base 2.
11
Convert -3 (base 5) to base 3.
-10
What is -218 (base 9) in base 8?
-263
-1 (base 6) to base 14
-1
Convert 5 (base 11) to base 12.
5
Convert -12 (base 5) to base 3.
-21
-42 (base 15) to base 3
-2022
Convert 220 (base 3) to base 4.
120
Convert 10 (base 3) to base 9.
3
-10000 (base 3) to base 4
-1101
1 (base 15) to base 12
1
Convert 0 (base 3) to base 2.
0
1a (base 14) to base 11
22
-5 (base 6) to base 12
-5
-101 (base 5) to base 10
-26
Convert -50 (base 6) to base 5.
-110
Convert 0 (base 9) to base 5.
0
Convert 0 (base 3) to base 14.
0
-2 (base 10) to base 2
-10
Convert 1 (base 4) to base 12.
1
What is -2 (base 13) in base 3?
-2
3 (base 8) to base 12
3
2 (base 14) to base 3
2
What is 1102 (base 3) in base 15?
28
-a (base 15) to base 11
-a
-2b (base 14) to base 7
-54
-11001101 (base 2) to base 7
-412
What is -2a (base 12) in base 8?
-42
What is -110 (base 6) in base 12?
-36
What is 10 (base 8) in base 13?
8
Convert 7 (base 12) to base 8.
7
What is 360 (base 8) in base 2?
11110000
What is -100110 (base 2) in base 14?
-2a
Convert 11 (base 4) to base 11.
5
Convert -10 (base 4) to base 11.
-4
53 (base 6) to base 10
33
Convert -10101 (base 2) to base 13.
-18
Convert -51 (base 9) to base 10.
-46
What is -43 (base 5) in base 6?
-35
4 (base 13) to base 9
4
-42 (base 11) to base 4
-232
Convert -10 (base 13) to base 14.
-d
What is -120 (base 3) in base 16?
-f
-1 (base 12) to base 11
-1
-102 (base 3) to base 5
-21
-145 (base 8) to base 13
-7a
Convert -1020 (base 3) to base 5.
-113
-10 (base 4) to base 10
-4
22 (base 16) to base 7
46
What is 2 (base 14) in base 5?
2
What is -4 (base 7) in base 5?
-4
Convert 212 (base 3) to base 10.
23
Convert -77 (base 12) to base 8.
-133
What is -3 (base 4) in base 15?
-3
What is -c (base 13) in base 6?
-20
Convert -4 (base 7) to base 4.
-10
Convert 2 (base 6) to base 10.
2
What is -16 (base 14) in base 13?
-17
What is 6 (base 13) in base 6?
10
What is -2 (base 16) in base 6?
-2
What is 31 (base 6) in base 9?
21
Convert -5 (base 9) to base 5.
-10
41 (base 6) to base 13
1c
10 (base 12) to base 13
c
What is -28 (base 15) in base 3?
-1102
What is -11 (base 9) in base 11?
-a
Convert -20 (base 5) to base 14.
-a
-e (base 16) to base 11
-13
Convert 121 (base 3) to base 7.
22
11 (base 5) to base 7
6
1110 (base 3) to base 6
103
39 (base 14) to base 3
1220
What is -10 (base 5) in base 7?
-5
-11 (base 11) to base 3
-110
2333 (base 4) to base 13
119
Convert 2c (base 16) to base 7.
62
Convert 39 (base 16) to base 2.
111001
What is -1 (base 5) in base 16?
-1
What is 1 (base 7) in base 14?
1
What is -4 (base 7) in base 3?
-11
What is -39 (base 10) in base 5?
-124
111 (base 3) to base 14
d
-116 (base 8) to base 5
-303
What is -12 (base 3) in base 7?
-5
Convert b (base 15) to base 11.
10
What is 21 (base 12) in base 4?
121
-34 (base 8) to base 6
-44
9 (base 14) to base 2
1001
82 (base 12) to base 8
142
Convert 111 (base 2) to base 13.
7
-8 (base 14) to base 13
-8
120 (base 4) to base 13
1b
1d (base 15) to base 11
26
2 (base 8) to base 5
2
What is -9 (base 14) in base 12?
-9
What is 403 (base 5) in base 13?
7c
What is -4 (base 16) in base 5?
-4
0 (base 5) to base 4
0
What is b (base 15) in base 9?
12
What is 2 (base 3) in base 14?
2
Convert -8 (base 12) to base 16.
-8
ec (base 15) to base 16
de
What is -77 (base 9) in base 2?
-1000110
What is 1d (base 15) in base 14?
20
Convert -11 (base 2) to base 13.
-3
What is -6 (base 16) in base 10?
-6
Convert -16 (base 10) to base 12.
-14
What is 342 (base 5) in base 4?
1201
Convert 32 (base 11) to base 5.
120
What is 5 (base 16) in base 7?
5
Convert -72 (base 8) to base 16.
-3a
Convert 17 (base 9) to base 6.
24
What is -32 (base 10) in base 14?
-24
Convert 1200 (base 3) to base 15.
30
Convert 9 (base 14) to base 12.
9
What is -1 (base 7) in base 10?
-1
Convert 95 (base 13) to base 11.
101
Convert 1 (base 11) to base 16.
1
What is -8 (base 9) in base 3?
-22
Convert a (base 